{"id":16,"date":"2024-07-29T23:21:21","date_gmt":"2024-07-29T21:21:21","guid":{"rendered":"http:\/\/delphinegayet.fr\/?page_id=16"},"modified":"2024-07-29T23:21:21","modified_gmt":"2024-07-29T21:21:21","slug":"autres-prestations","status":"publish","type":"page","link":"https:\/\/delphinegayet.fr\/?page_id=16","title":{"rendered":"Autres prestations"},"content":{"rendered":"\n<ol style=\"list-style-type:lower-alpha\" class=\"wp-block-list\">\n<li>Nutrition sant\u00e9<\/li>\n<\/ol>\n\n\n\n<p>Pendant la grossesse ou avant la conception en cas de diab\u00e8te gestationnel, en post-partum pour retrouver la ligne ou pour introduire les solides de fa\u00e7on saine et \u00e9quilibr\u00e9e vous pouvez solliciter ce temps d&rsquo;accompagnement autour de vos habitudes alimentaires. Conseil, suppl\u00e9mentation n\u00e9cessaire et orientation si besoin vers un nutritionniste en cas de pathologie&nbsp;<\/p>\n\n\n\n<figure class=\"wp-block-embed is-type-wp-embed is-provider-association-kousmine-fran-aise-je-ne-et-nutrition wp-block-embed-association-kousmine-fran-aise-je-ne-et-nutrition\"><div class=\"wp-block-embed__wrapper\">\n<blockquote class=\"wp-embedded-content\" data-secret=\"qGs2tAeouw\"><a href=\"https:\/\/www.kousmine.fr\/\">Kousmine France<\/a><\/blockquote><iframe loading=\"lazy\" class=\"wp-embedded-content\" sandbox=\"allow-scripts\" security=\"restricted\" style=\"position: absolute; visibility: hidden;\" title=\"\u00ab\u00a0Kousmine France\u00a0\u00bb &#8212; Association Kousmine Fran\u00e7aise - Je\u00fbne et Nutrition\" src=\"https:\/\/www.kousmine.fr\/embed\/#?secret=6gzY4a0I5u#?secret=qGs2tAeouw\" data-secret=\"qGs2tAeouw\" width=\"500\" height=\"282\" frameborder=\"0\" marginwidth=\"0\" marginheight=\"0\" scrolling=\"no\"><\/iframe>\n<\/div><\/figure>\n\n\n\n<ul class=\"wp-block-list\">\n<li>Sophrologie<\/li>\n<\/ul>\n\n\n\n<p>A tout moment de la vie des femmes parfois la relaxation, le temps de pr\u00e9sence \u00e0 soi s\u2019impose.<\/p>\n\n\n\n<p>En cas de trouble du sommeil, d\u2019anxi\u00e9t\u00e9, dans le cadre d&rsquo;une infertilit\u00e9 au cours d&rsquo;un parcours PMA ou bien encore pendant la grossesse, je propose des s\u00e9ances individuelles de relaxation bas\u00e9e sur la ma\u00eetrise de la respiration et les visualisations positives.<\/p>\n\n\n\n<p>Le rendez-vous est pr\u00e9c\u00e9d\u00e9 d&rsquo;un entretien pr\u00e9alable afin de d\u00e9terminer au mieux vos besoins et pr\u00e9parer la s\u00e9ance.<\/p>\n\n\n\n<p>\u00c0 l&rsquo;issue de chaque s\u00e9ance, vous repartirez avec l\u2019enregistrement sur votre smartphone afin de pouvoir le r\u00e9\u00e9couter aussi souvent que n\u00e9cessaire \u00e0 la maison.<\/p>\n\n\n\n<ul class=\"wp-block-list\">\n<li>Portage<\/li>\n<\/ul>\n\n\n\n<p>Pour vous accompagner (mieux qu&rsquo;un tuto sur Internet !) apr\u00e8s la naissance. S\u00e9ance de d\u00e9monstration avec b\u00e9b\u00e9 afin de r\u00e9aliser un n\u0153ud simple \u00e0 l&rsquo;\u00e9charpe, conseil sur tous les modes de portages ergonomiques et le maternage physiologique.<\/p>\n\n\n\n<ul class=\"wp-block-list\">\n<li>Massage b\u00e9b\u00e9<\/li>\n<\/ul>\n\n\n\n<p>D\u00e8s la naissance les b\u00e9b\u00e9s sont tr\u00e8s sensibles au toucher bienveillant. Vous pouvez solliciter ce temps d&rsquo;\u00e9change ainsi qu&rsquo;une pratique compl\u00e8te du massage du corps entier de votre b\u00e9b\u00e9 d\u00e8s le 10e jour de vie, et ce jusqu&rsquo;\u00e0 un an. Le massage permet de mettre en place toutes les fonctions thermor\u00e9gulatrices, cardio-respiratoires, m\u00e9taboliques de l&rsquo;enfant. Elle favorise la digestion, le sommeil, confirme le b\u00e9b\u00e9 affectivement et gratifie le parent qui le donne. Le massage du corps entier peut-\u00eatre d\u00e9compos\u00e9 au quotidien par petites touches cibl\u00e9es sur certaines parties du corps en fonction du contexte, des r\u00e9actions de l&rsquo;enfant et de l&rsquo;aisance des parents avec certains gestes.<\/p>\n","protected":false},"excerpt":{"rendered":"<p>Pendant la grossesse ou avant la conception en cas de diab\u00e8te gestationnel, en post-partum pour retrouver la ligne ou pour introduire les solides de fa\u00e7on saine et \u00e9quilibr\u00e9e vous pouvez solliciter ce temps d&rsquo;accompagnement autour de vos habitudes alimentaires. Conseil, suppl\u00e9mentation n\u00e9cessaire et orientation si besoin vers un nutritionniste en cas de pathologie&nbsp; A tout [&hellip;]<\/p>\n","protected":false},"author":1,"featured_media":0,"parent":0,"menu_order":0,"comment_status":"closed","ping_status":"closed","template":"","meta":{"footnotes":""},"class_list":["post-16","page","type-page","status-publish","hentry"],"_links":{"self":[{"href":"https:\/\/delphinegayet.fr\/index.php?rest_route=\/wp\/v2\/pages\/16","targetHints":{"allow":["GET"]}}],"collection":[{"href":"https:\/\/delphinegayet.fr\/index.php?rest_route=\/wp\/v2\/pages"}],"about":[{"href":"https:\/\/delphinegayet.fr\/index.php?rest_route=\/wp\/v2\/types\/page"}],"author":[{"embeddable":true,"href":"https:\/\/delphinegayet.fr\/index.php?rest_route=\/wp\/v2\/users\/1"}],"replies":[{"embeddable":true,"href":"https:\/\/delphinegayet.fr\/index.php?rest_route=%2Fwp%2Fv2%2Fcomments&post=16"}],"version-history":[{"count":1,"href":"https:\/\/delphinegayet.fr\/index.php?rest_route=\/wp\/v2\/pages\/16\/revisions"}],"predecessor-version":[{"id":17,"href":"https:\/\/delphinegayet.fr\/index.php?rest_route=\/wp\/v2\/pages\/16\/revisions\/17"}],"wp:attachment":[{"href":"https:\/\/delphinegayet.fr\/index.php?rest_route=%2Fwp%2Fv2%2Fmedia&parent=16"}],"curies":[{"name":"wp","href":"https:\/\/api.w.org\/{rel}","templated":true}]}}